et i(n) = 5*n**2 + 5. Suppose -16 = -2*f + 2*r - 2, -3*r - 16 = -2*f. What is the units digit of i(f)?
0
Let d(i) = 4*i + 20. Let a be 6*((-12)/(-8))/1. What is the tens digit of d(a)?
5
Let k = 20 - 30. Let u = k + 42. Suppose m = 2*m + t - u, t = 3. What is the units digit of m?
9
What is the units digit of (44/8)/(5/3100)?
0
What is the tens digit of (-759)/((33/2)/(-11))?
0
Let i(b) = b**3 - 13*b**2 + 10*b - 17. Let d be i(13). Suppose -2*k = 3*k + 3*a - 136, -a + d = 4*k. What is the units digit of k?
9
Suppose 3*y - 6258 = -2*o, o + 24*y - 25*y = 3129. What is the hundreds digit of o?
1
Let f(n) = -6*n**3 - n**2 - 4*n + 28. Let m(g) = -7*g**3 - g**2 - 5*g + 27. Let v(q) = 6*f(q) - 5*m(q). What is the tens digit of v(0)?
3
Let y(n) = -n**3 - 21*n**2 + 2*n + 25. Let k be y(-21). Let l(c) = -c**3 - 18*c**2 - 22*c - 23. What is the tens digit of l(k)?
6
Let s = -838 + 1115. What is the units digit of s?
7
Suppose 0 = -0*p + 3*p - 60. Suppose -3*j + 68 = p. Suppose 0 = -3*m + 4*m - j. What is the units digit of m?
6
Let a(h) = h**3 + 9*h**2 + 7*h - 3. Let m be a(-6). Let l = 289 + -295. What is the units digit of 6/(-4) - m/l?
9
Let z(x) = -6*x**3 + x**2 - x - 1. Let n be z(-1). Suppose 3*u + 5*d + 109 = n*u, 4*u + 4*d = 100. Let f = 34 - u. What is the units digit of f?
8
Suppose -r - 3*d = -56 + 10, -9 = 3*d. Suppose 5*s = 391 - 396. Let p = s + r. What is the units digit of p?
4
Let k = 965 + -596. What is the units digit of k?
9
Let l = -37 - -151. Suppose 2*x - l = 4*g, g = -2*g + 5*x - 68. What is the tens digit of (1 - 0)/((-1)/g)?
3
Let y = 1032 - 677. What is the tens digit of y?
5
Let u(r) be the first derivative of 9*r**4/4 - r**3/3 - 4*r**2 + 4*r + 35. What is the hundreds digit of u(3)?
2
What is the thousands digit of (-23916)/(-1 - 3) - (-3 - 4)?
5
Let a = 179 + -114. What is the units digit of a?
5
Let n(z) = z**3 + 15*z**2 - 71*z + 18. What is the tens digit of n(-15)?
8
Suppose -2*j - 176 = -6*j + 3*q, 121 = 3*j - 5*q. Let n = -23 + j. What is the tens digit of n?
2
Let t = 10 - 10. Let m(n) = n**2 - n + 18. Let k be m(t). Suppose -k - 6 = -3*x. What is the units digit of x?
8
Let n(p) = -60*p - 61. What is the tens digit of n(-3)?
1
Let r = -824 + 911. What is the tens digit of r?
8
Suppose -2*y + 4*y - 3 = w, 5 = 4*y - 3*w. Suppose -y*a - 2*a = -12. What is the units digit of -2 + -3 + a - -8?
6
Let b(c) = 10*c**2 - c + 7. What is the hundreds digit of b(6)?
3
Let w(s) = -s + 2. Let n be w(2). Let j = 6 + -4. What is the units digit of (j + n)*(-7)/(-2)?
7
Suppose -3*q + 4 = -q. Let k(r) = 7*r**3 - 1. Let m be k(-1). Let i = q - m. What is the units digit of i?
0
Suppose -4*a = 5*x - 6922, -16*x - 2 = -15*x. What is the hundreds digit of a?
7
Let m = -815 - -2044. What is the tens digit of m?
2
Let t(n) = 67*n - 15. What is the tens digit of t(7)?
5
Let x = 6 + -6. Suppose m + 5 = -n - x, 3*n + 9 = 3*m. What is the units digit of (16/10)/(n/(-30))?
2
Let c(j) = j**2 + j - 1. Let z be c(2). Suppose 7*k = 3*k + 5*n + 7, z*k - 2 = 4*n. What is the tens digit of (-75)/k*10/15?
2
Suppose -4 = -y + 2*y. What is the tens digit of (-16)/(-2 - 7/y)?
6
Let o(c) = c**2 - 16*c - 5. Let g be o(16). What is the units digit of g/2*(-2024)/110?
6
Suppose -3*g + 15 = -2*q, 14*g + q - 15 = 11*g. Suppose 3*p - g*p = -5*x - 356, 0 = 4*p - x - 712. What is the tens digit of p?
7
Let r(z) = 3*z + 7 - 5*z + 2*z**2 - 4*z. Suppose -21 = 3*o - 6*o. What is the tens digit of r(o)?
6
Suppose -3*m = -35 - 10. Let j = -17 + m. What is the units digit of (-4)/(0 - (-1)/j)?
8
Let a = 1366 - 261. What is the hundreds digit of a?
1
Let h(c) = 11*c**2 + 32*c + 57. What is the hundreds digit of h(-15)?
0
Let q be (1 - (-2 + 3)) + 2. Suppose -q*j + j + 96 = 0. Let b = j + -66. What is the units digit of b?
0
Let j be 90/(-5)*(-2)/6. Let g be (-8)/3 + (-2)/j. What is the tens digit of g - ((1 - 4) + -12)?
1
Suppose -21*n = -15313 + 6157. What is the hundreds digit of n?
4
Let w be 2 + -2 - (3 - 1). Let s be (1 + w)/(4 - 3). Let r(o) = -23*o**3 + 2*o + 1. What is the tens digit of r(s)?
2
Suppose -3*i - 11 = -2*k, 3*k + 7*i = 10*i + 15. What is the hundreds digit of 276 - -1*(-5 + k)?
2
Suppose 2827 = 4*r - 3*m, 5*r = -3*m + 3145 + 382. What is the hundreds digit of r?
7
Let m(l) = l - 1. Let y = 5 - 1. Suppose 3*d - 2*d - 13 = -2*c, -y*d + 24 = c. What is the units digit of m(c)?
3
Suppose -3*r - 60 - 21 = 0. Let x = r - -18. What is the units digit of (-6)/x + 175/3?
9
What is the units digit of 4670*5/30 + (-1)/3?
8
Let d(q) = q**2 - 2. Let m be (-16)/(-72) - (-50)/18. Let b be d(m). Suppose -25 = b*n - 8*n. What is the units digit of n?
5
Let r = 38 + -36. What is the units digit of (4 + 128)/2 - r?
4
Suppose -20 + 5 = 3*c. Let l = c - -8. Suppose -w + 72 = 4*t - l*w, -4*t - 2*w = -56. What is the tens digit of t?
1
Suppose 3*l - 17 = -4*k + 13, 5*k - 15 = 0. Let c = l + -1. Let d(z) = z**3 - 3*z**2 - 7*z + 5. What is the tens digit of d(c)?
2
Suppose 13*d - 8*d = -3*w + 85, -3*w + 101 = d. Let i = 139 - w. What is the hundreds digit of i?
1
Let o(p) = p + 164. Suppose 1 - 1 = -8*l. What is the tens digit of o(l)?
6
Let g = 166 + 41. What is the units digit of g?
7
Let o = -16 - -1. Let z = o - -17. Suppose -4*v = -z*v - 92. What is the tens digit of v?
4
Suppose 5 + 4 = 3*k. Let g(j) = -2*j**3 - 2. Let y be g(k). Let h = -37 - y. What is the units digit of h?
9
What is the thousands digit of (3736/12)/(5/((-225)/(-6)))?
2
Let y(m) = 2*m**2 + 3*m - 1. Let d be y(-4). Suppose -x - 12 = -4*p, 5*x - d - 5 = -p. Let z = p + 43. What is the tens digit of z?
4
Let r(m) = -2*m**3 - 2*m**2 - 2*m - 4. Let k be r(-3). Suppose 0 = -13*o + 11*o + 28. Suppose t + o = k. What is the tens digit of t?
2
Suppose 4*n - 7*n - 3 = 0. What is the units digit of 19/(-1 + 1 - n)?
9
Let j(m) be the second derivative of 0 - 1/5*m**5 + 1/6*m**4 + 2*m + m**2 + 1/6*m**3. What is the tens digit of j(-2)?
4
Let i(v) = v - 9. Let j be i(6). Let r = 13 - j. What is the tens digit of r?
1
Suppose -j + 6581 = -2*h + 1482, -h + 10218 = 2*j. What is the hundreds digit of j?
1
Let d be ((-1455)/(-10))/(1*6/8). Let y = d + -122. What is the units digit of y?
2
Let g(q) = -q**3 - 2*q**2 + 5*q - 4. Let j = -6 - -11. Suppose 0 = 5*a - 4*f + 37, j*a + 2*f + 27 - 8 = 0. What is the tens digit of g(a)?
4
What is the units digit of ((-492)/7)/((-19)/133)?
2
Let t be (-1893)/15 + (-6)/(-30). What is the hundreds digit of 4/(t/64 - -2)?
1
Let n(z) = -46*z - 14. What is the units digit of n(-4)?
0
Suppose y - 62 - 96 = 0. Let k = y - 58. What is the hundreds digit of k?
1
What is the thousands digit of (18/15)/(2/5)*487?
1
Suppose 0 = k - 3*k - 8, -48 = -4*a + 4*k. What is the tens digit of (6 - a) + (-186)/(-3)?
6
What is the hundreds digit of ((-4)/(-12))/((-6)/(-2466))?
1
What is the tens digit of (-2574 + 16)*(-3)/6?
7
Let j(p) be the first derivative of p**4/4 + 13*p + 2. Suppose 2*z - 7*h = -3*h, -2*z + 5*h = 0. What is the tens digit of j(z)?
1
Let o(l) = 4*l - 3. Let x be o(2). Suppose x - 7 = -2*q. What is the units digit of q?
1
Suppose 4*h - 5090 = -2*y, -4*y + 153 = -5*h + 6509. What is the hundreds digit of h?
2
Let b(f) = f**3 + 23*f**2 - 27*f + 10. What is the hundreds digit of b(-23)?
6
Suppose -2961 + 165 = -6*v. What is the units digit of v?
6
Let g be 0 - (2 + -38) - 1. Let c be 450/42 - 9/(126/(-4)). Let j = g - c. What is the tens digit of j?
2
Suppose 5*n - b = 3*n + 15, -15 = n + 4*b. Suppose -n = -4*u + 5*u. Let g = 10 + u. What is the units digit of g?
5
Let w be (-3)/(-2 - 1) + 2. Suppose 5*j + 160 = 5*h, -2*j - h - 178 = w*j. What is the units digit of (-4)/(-14) + (-515)/j?
5
Suppose 0 = -5*r + 8 + 67. Let l = 12 - 2. Suppose -l*a + r*a - 185 = 0. What is the units digit of a?
7
Let o(z) = 4*z**2 + z + 28. Let c(x) = x**2 + x - 1. Let s(b) = -3*c(b) + o(b). What is the tens digit of s(-9)?
3
Let t be (12/(-14))/(12/1428). Let a = 55 + t. Let m = a + 108. What is the units digit of m?
1
Suppose -35*j - 17*j + 322452 = 0. What is the thousands digit of j?
6
Let d = -45 + 49. Suppose 3*i + 5*q = -6, i + 8 + 1 = -d*q. What is the units digit of i?
3
Suppose 38 = 2*a + 2*a - 2*u, -2*u + 10 = 0. Let q = a - 15. What is the tens digit of 78/q*(-2)/4?
1
Suppose -6*m = 10*m - 5856